emainder when 9618 is divided by 7?
0
Calculate the remainder when 18264 is divided by 32.
24
What is the remainder when 26191 is divided by 118?
113
What is the remainder when 19340 is divided by 411?
23
Calculate the remainder when 176408 is divided by 594.
584
Calculate the remainder when 49056 is divided by 43.
36
What is the remainder when 1978 is divided by 1951?
27
Calculate the remainder when 66386 is divided by 2074.
18
What is the remainder when 15965 is divided by 202?
7
What is the remainder when 23152 is divided by 594?
580
Calculate the remainder when 309034 is divided by 15451.
14
What is the remainder when 92183 is divided by 276?
275
What is the remainder when 21790 is divided by 236?
78
What is the remainder when 1172334 is divided by 117?
111
Calculate the remainder when 94625 is divided by 751.
750
Calculate the remainder when 2652 is divided by 770.
342
What is the remainder when 110884 is divided by 83?
79
What is the remainder when 10749 is divided by 5031?
687
Calculate the remainder when 24304 is divided by 80.
64
What is the remainder when 34159 is divided by 579?
577
Calculate the remainder when 1687596 is divided by 1942.
1940
Calculate the remainder when 1431 is divided by 239.
236
What is the remainder when 692 is divided by 459?
233
What is the remainder when 43655 is divided by 10?
5
Calculate the remainder when 13067 is divided by 132.
131
Calculate the remainder when 3801 is divided by 270.
21
What is the remainder when 3243 is divided by 47?
0
What is the remainder when 184726 is divided by 179?
177
Calculate the remainder when 1447 is divided by 566.
315
What is the remainder when 3572243 is divided by 442?
441
What is the remainder when 764 is divided by 183?
32
What is the remainder when 238620 is divided by 7697?
13
Calculate the remainder when 1036 is divided by 1.
0
Calculate the remainder when 10321 is divided by 612.
529
Calculate the remainder when 13767 is divided by 44.
39
Calculate the remainder when 260403 is divided by 757.
752
What is the remainder when 1695 is divided by 506?
177
What is the remainder when 12694 is divided by 1845?
1624
Calculate the remainder when 7919 is divided by 3197.
1525
Calculate the remainder when 3186 is divided by 201.
171
What is the remainder when 6209 is divided by 291?
98
What is the remainder when 130928 is divided by 999?
59
What is the remainder when 492560 is divided by 184?
176
What is the remainder when 148465 is divided by 74229?
7
Calculate the remainder when 4894 is divided by 894.
424
What is the remainder when 63433 is divided by 161?
160
What is the remainder when 17069 is divided by 17051?
18
What is the remainder when 412 is divided by 98?
20
Calculate the remainder when 29538 is divided by 35.
33
What is the remainder when 3633 is divided by 113?
17
Calculate the remainder when 12504 is divided by 139.
133
Calculate the remainder when 42391 is divided by 22.
19
Calculate the remainder when 17394 is divided by 511.
20
What is the remainder when 49196 is divided by 185?
171
What is the remainder when 87601 is divided by 78?
7
What is the remainder when 389792 is divided by 20515?
7
Calculate the remainder when 188490 is divided by 47122.
2
What is the remainder when 78988 is divided by 79?
67
What is the remainder when 1337891 is divided by 50?
41
Calculate the remainder when 4494 is divided by 69.
9
Calculate the remainder when 825636 is divided by 275211.
3
What is the remainder when 1798 is divided by 219?
46
What is the remainder when 590 is divided by 150?
140
What is the remainder when 2990214 is divided by 5?
4
Calculate the remainder when 4980 is divided by 2127.
726
Calculate the remainder when 786 is divided by 154.
16
What is the remainder when 2124 is divided by 6?
0
What is the remainder when 12988597 is divided by 39?
37
What is the remainder when 26086 is divided by 1046?
982
Calculate the remainder when 11568 is divided by 163.
158
What is the remainder when 196817 is divided by 24601?
9
What is the remainder when 10645 is divided by 236?
25
What is the remainder when 1546275 is divided by 155?
150
What is the remainder when 24922 is divided by 201?
199
What is the remainder when 25638 is divided by 98?
60
Calculate the remainder when 534648 is divided by 370.
368
What is the remainder when 78176 is divided by 16?
0
Calculate the remainder when 141178 is divided by 8304.
10
What is the remainder when 95 is divided by 89?
6
Calculate the remainder when 24468 is divided by 12222.
24
Calculate the remainder when 38766 is divided by 9672.
78
Calculate the remainder when 1582 is divided by 789.
4
What is the remainder when 197267 is divided by 922?
881
What is the remainder when 22005 is divided by 2749?
13
Calculate the remainder when 776 is divided by 61.
44
Calculate the remainder when 2657200 is divided by 34.
32
Calculate the remainder when 13588 is divided by 3388.
36
Calculate the remainder when 43531 is divided by 204.
79
Calculate the remainder when 121904 is divided by 35.
34
What is the remainder when 62969 is divided by 46?
41
What is the remainder when 378585 is divided by 243?
234
What is the remainder when 4384 is divided by 874?
14
Calculate the remainder when 1985 is divided by 134.
109
What is the remainder when 3212 is divided by 64?
12
Calculate the remainder when 646 is divided by 319.
8
Calculate the remainder when 44379 is divided by 14.
13
What is the remainder when 1045 is divided by 348?
1
Calculate the remainder when 81270 is divided by 27089.
3
Calculate the remainder when 1112 is divided by 8.
0
Calculate the remainder when 3660 is divided by 1028.
576
Calculate the remainder when 5306 is divided by 11.
4
What is the remainder when 26202 is divided by 169?
7
What is the remainder when 58515 is divided by 58?
51
Calculate the remainder when 215747 is divided by 19.
2
Calculate the remainder when 9521 is divided by 519.
179
Calculate the remainder when 4125 is divided by 196.
9
Calculate the remainder when 243300 is divided by 20272.
36
Calculate the remainder when 1131673 is divided by 9.
4
Calculate the remainder when 58074 is divided by 726.
720
Calculate the remainder when 25359 is divided by 317.
316
What is the remainder when 36694 is divided by 439?
257
Calculate the remainder when 3455 is divided by 492.
11
Calculate the remainder when 111927 is divided by 42.
39
What is the remainder when 32479 is divided by 160?
159
Calculate the remainder when 10263 is divided by 56.
15
Calculate the remainder when 871788 is divided by 1058.
1054
What is the remainder when 13851 is divided by 434?
397
Calculate the remainder when 14790 is divided by 1475.
40
What is the remainder when 8620 is divided by 24?
4
Calculate the remainder when 9931 is divided by 42.
19
Calculate the remainder when 2477789 is divided by 690.
689
Calculate the remainder when 157336 is divided by 20.
16
What is the remainder when 11034 is divided by 3666?
36
Calculate the remainder when 54452 is divided by 15.
2
What is the remainder when 148559 is divided by 49518?
5
Calculate the remainder when 2827 is divided by 701.
23
Calculate the remainder when 97830 is divided by 26.
18
What is the remainder when 67802 is divided by 59?
11
What is the remainder when 2877 is divided by 101?
49
What is the remainder when 289790 is divided by 98?
4
Calculate the remainder when 103797 is divided by 6104.
29
What is the remainder when 1979555 is divided by 659851?
2
What is the remainder when 75254 is divided by 37613?
28
Calculate the remainder when 3162041 is divided by 59.
54
Calculate the remainder when 2569 is divided by 441.
364
What is the remainder when 5344 is divided by 349?
109
What is the remainder when 12210 is divided by 89?
17
Calculate the remainder when 69861 is divided by 6.
3
What is the remainder when 13225 is divided by 401?
393
Calculate the remainder when 101376 is divided by 176.
0
What is the remainder when 5862 is divided by 374?
252
What is the remainder when 47963 is divided by 7?
6
Calculate the remainder when 4296 is divided by 49.
33
What is the remainder when 3119 is divided by 1273?
573
What is the remainder when 9515839 is divided by 1135?
1134
What is the remainder when 82495 is divided by 188?
151
Calculate the remai